?
197
Calculate the remainder when 158 is divided by 16.
14
Calculate the remainder when 429 is divided by 89.
73
What is the remainder when 123 is divided by 35?
18
Calculate the remainder when 491 is divided by 31.
26
What is the remainder when 311 is divided by 81?
68
Calculate the remainder when 559 is divided by 173.
40
Calculate the remainder when 206 is divided by 16.
14
Calculate the remainder when 228 is divided by 50.
28
Calculate the remainder when 5249 is divided by 32.
1
What is the remainder when 748 is divided by 30?
28
Calculate the remainder when 595 is divided by 67.
59
What is the remainder when 101 is divided by 44?
13
What is the remainder when 228 is divided by 33?
30
Calculate the remainder when 92 is divided by 31.
30
Calculate the remainder when 135 is divided by 15.
0
What is the remainder when 664 is divided by 107?
22
Calculate the remainder when 2636 is divided by 37.
9
Calculate the remainder when 3385 is divided by 44.
41
Calculate the remainder when 1761 is divided by 28.
25
What is the remainder when 38 is divided by 24?
14
Calculate the remainder when 7799 is divided by 325.
324
What is the remainder when 1200 is divided by 71?
64
Calculate the remainder when 2644 is divided by 147.
145
Calculate the remainder when 143 is divided by 69.
5
What is the remainder when 314 is divided by 15?
14
What is the remainder when 8805 is divided by 24?
21
Calculate the remainder when 1990 is divided by 36.
10
What is the remainder when 3298 is divided by 10?
8
Calculate the remainder when 605 is divided by 17.
10
What is the remainder when 436 is divided by 15?
1
Calculate the remainder when 571 is divided by 199.
173
What is the remainder when 1186 is divided by 17?
13
What is the remainder when 87 is divided by 49?
38
What is the remainder when 436 is divided by 55?
51
What is the remainder when 12596 is divided by 56?
52
Calculate the remainder when 73 is divided by 21.
10
What is the remainder when 867 is divided by 31?
30
Calculate the remainder when 3673 is divided by 35.
33
What is the remainder when 82 is divided by 46?
36
Calculate the remainder when 122 is divided by 14.
10
What is the remainder when 62 is divided by 27?
8
Calculate the remainder when 6473 is divided by 20.
13
Calculate the remainder when 175 is divided by 30.
25
Calculate the remainder when 1961 is divided by 16.
9
What is the remainder when 598 is divided by 298?
2
Calculate the remainder when 1361 is divided by 409.
134
Calculate the remainder when 2942 is divided by 371.
345
What is the remainder when 5931 is divided by 152?
3
What is the remainder when 51 is divided by 18?
15
What is the remainder when 1663 is divided by 17?
14
Calculate the remainder when 4366 is divided by 28.
26
What is the remainder when 61 is divided by 18?
7
Calculate the remainder when 142 is divided by 21.
16
What is the remainder when 32372 is divided by 19?
15
Calculate the remainder when 501 is divided by 474.
27
Calculate the remainder when 58 is divided by 21.
16
What is the remainder when 313 is divided by 149?
15
What is the remainder when 1604 is divided by 55?
9
Calculate the remainder when 1099 is divided by 222.
211
What is the remainder when 1341 is divided by 11?
10
Calculate the remainder when 17 is divided by 9.
8
What is the remainder when 682 is divided by 6?
4
Calculate the remainder when 349 is divided by 16.
13
What is the remainder when 3 is divided by 2?
1
What is the remainder when 275 is divided by 5?
0
Calculate the remainder when 255 is divided by 63.
3
What is the remainder when 738 is divided by 368?
2
Calculate the remainder when 143 is divided by 80.
63
Calculate the remainder when 2103 is divided by 30.
3
What is the remainder when 226 is divided by 19?
17
What is the remainder when 11 is divided by 2?
1
What is the remainder when 868 is divided by 117?
49
What is the remainder when 13337 is divided by 27?
26
What is the remainder when 79 is divided by 12?
7
Calculate the remainder when 1316 is divided by 261.
11
What is the remainder when 197 is divided by 99?
98
Calculate the remainder when 329 is divided by 37.
33
Calculate the remainder when 45 is divided by 31.
14
Calculate the remainder when 4487 is divided by 2232.
23
Calculate the remainder when 600 is divided by 43.
41
Calculate the remainder when 267 is divided by 47.
32
What is the remainder when 1166 is divided by 577?
12
Calculate the remainder when 277 is divided by 29.
16
Calculate the remainder when 979 is divided by 372.
235
Calculate the remainder when 9416 is divided by 73.
72
What is the remainder when 732 is divided by 137?
47
What is the remainder when 57 is divided by 30?
27
Calculate the remainder when 195 is divided by 17.
8
Calculate the remainder when 1873 is divided by 134.
131
Calculate the remainder when 1619 is divided by 27.
26
Calculate the remainder when 24049 is divided by 67.
63
What is the remainder when 510 is divided by 16?
14
Calculate the remainder when 767 is divided by 3.
2
Calculate the remainder when 3838 is divided by 16.
14
What is the remainder when 412 is divided by 119?
55
What is the remainder when 227 is divided by 57?
56
What is the remainder when 6362 is divided by 86?
84
What is the remainder when 2550 is divided by 510?
0
Calculate the remainder when 328 is divided by 73.
36
Calculate the remainder when 181 is divided by 99.
82
What is the remainder when 87181 is divided by 16?
13
What is the remainder when 117 is divided by 4?
1
What is the remainder when 73917 is divided by 112?
109
What is the remainder when 1596 is divided by 94?
92
What is the remainder when 2772 is divided by 59?
58
Calculate the remainder when 900 is divided by 53.
52
Calculate the remainder when 410 is divided by 100.
10
What is the remainder when 189 is divided by 57?
18
Calculate the remainder when 1154 is divided by 285.
14
Calculate the remainder when 141 is divided by 7.
1
Calculate the remainder when 297 is divided by 72.
9
What is the remainder when 313 is divided by 27?
16
What is the remainder when 52 is divided by 42?
10
What is the remainder when 570 is divided by 71?
2
What is the remainder when 402 is divided by 38?
22
What is the remainder when 2529 is divided by 45?
9
What is the remainder when 2336 is divided by 52?
48
Calculate the remainder when 1918 is divided by 96.
94
Calculate the remainder when 29656 is divided by 133.
130
What is the remainder when 191 is divided by 61?
8
What is the remainder when 306 is divided by 10?
6
Calculate the remainder when 1420 is divided by 70.
20
What is the remainder when 64 is divided by 29?
6
What is the remainder when 3098 is divided by 94?
90
What is the remainder when 1416 is divided by 43?
40
What is the remainder when 14093 is divided by 14?
9
What is the remainder when 173 is divided by 58?
57
Calculate the remainder when 31 is divided by 25.
6
What is the remainder when 8 is divided by 4?
0
Calculate the remainder when 6077 is divided by 76.
73
Calculate the remainder when 88799 is divided by 160.
159
Calculate the remainder when 1872 is divided by 25.
22
What is the remainder when 7222 is divided by 233?
232
Calculate the remainder when 1184 is divided by 36.
32
What is the remainder when 1329 is divided by 95?
94
Calculate the remainder when 414 is divided by 20.
14
Calculate the remainder when 52 is divided by 5.
2
What is the remainder when 1402 is divided by 153?
25
What is the remainder when 51 is divided by 47?
4
What is the remainder when 794 is divided by 53?
52
Calculate the remainder when 236 is divided by 61.
53
What is the remainder when 1817 is divided by 17?
15
Calculate the remainder when 2664 is divided by 21.
18
Calculate the remainder when 213 is divided by 9.
6
Calculate the remainder when 154 is divided by 31.
30
Calculate the remainder when 119 is divided by 12.
11
What is the remainder when 206 is divided by 53?
47
Calculate the remainder when 33 is divided by 5.
3
Calculate the remainder when 4836 is divided by 16.
4
Calculate the remainder when 2010 is divided by 402.
0
What is the remainder when 3811 is divided by 31?
29
What is the remainder when 238 is divided by 115?
8
What is the remainder when 346 is divided by 115?
1
Calculate the remainder when 432 is divide